{"id":3547,"date":"2020-09-25T15:29:57","date_gmt":"2020-09-25T13:29:57","guid":{"rendered":"http:\/\/www.motorclubsabadell.com\/?page_id=3547"},"modified":"2020-10-01T17:25:57","modified_gmt":"2020-10-01T15:25:57","slug":"comunicat-25-9-2020-1500h","status":"publish","type":"page","link":"https:\/\/www.motorclubsabadell.com\/index.php\/comunicat-25-9-2020-1500h\/","title":{"rendered":"Comunicat 29-9-2020 &#8211; 19:00h"},"content":{"rendered":"<div>\n<table id=\"table1\" style=\"height: 112px; width: 98%;\" width=\"98%\" cellspacing=\"0\" cellpadding=\"0\">\n<tbody>\n<tr style=\"height: 112px;\">\n<td style=\"width: 1.31%; height: 112px;\" align=\"center\" height=\"130\"><\/td>\n<td style=\"width: 14.67%; height: 112px; text-align: center; vertical-align: middle; border-bottom-color: #808080; border-right-width: 0px; border-bottom-width: 0px; border-left-width: 0px; border-bottom-style: solid; border-left-style: solid;\" align=\"center\" width=\"15%\" height=\"130\">\n<p style=\"margin-top: 0; margin-bottom: 0;\"><a title=\"AutoSI, els millors vehicles d'ocasi\u00f3 ...\" href=\"http:\/\/www.autosi.es\/inicio\" target=\"_blank\" rel=\"noopener noreferrer\"><br \/>\n<img decoding=\"async\" alt=\"Autosi_web\"  src=\"http:\/\/www.motorclubsabadell.com\/wp-content\/uploads\/2017\/03\/Autosi_web.png\" align=\"right\" border=\"0\" \/><\/a><\/p>\n<\/td>\n<td style=\"width: 15.23%; height: 112px; text-align: center; vertical-align: middle; border-bottom-color: #808080; border-right-width: 0px; border-bottom-width: 0px; border-left-width: 0px; border-bottom-style: solid; border-left-style: solid;\" align=\"center\" width=\"15%\" height=\"130\">\n<p style=\"margin-top: 0; margin-bottom: 0;\"><a title=\"Difisa Racing - Venda i preparaci\u00f3 Abarth !!\" href=\"http:\/\/www.difisaracing.com\/\" target=\"_blank\" rel=\"noopener noreferrer\"><br \/>\n<img decoding=\"async\" alt=\"Difisa_web\"  src=\"http:\/\/www.motorclubsabadell.com\/wp-content\/uploads\/2017\/03\/Difisa_web.png\" align=\"right\" border=\"0\" \/><\/a><\/p>\n<\/td>\n<td style=\"width: 24.6357%; height: 112px; text-align: center; vertical-align: middle; border-bottom: 0px solid #808080; border-left: 0px solid #808080; border-right-width: 0px;\" align=\"center\" width=\"25%\" height=\"130\">\n<p style=\"margin-top: 0; margin-bottom: 0;\"><u><img loading=\"lazy\" decoding=\"async\" class=\"aligncenter\" src=\"http:\/\/www.motorclubsabadell.com\/Documents\/2020_Llana\/Placa_2020_200px.png\" alt=\"Placa 2020 provisional\" width=\"200\" height=\"100\" align=\"middle\" \/><\/u><\/p>\n<\/td>\n<td style=\"width: 12.0068%; height: 112px; text-align: center; vertical-align: middle; border-right-width: 1px; border-bottom-width: 0px;\" width=\"11%\" height=\"130\">\n<p style=\"margin-top: 0; margin-bottom: 0;\"><a title=\"Urp\u00ed Sport - Reparaci\u00f3 i preparaci\u00f3 de Porsche de carrer i de competici\u00f3\" href=\"http:\/\/www.urpisport.cat\/\" target=\"_blank\" rel=\"noopener noreferrer\"><br \/>\n<img decoding=\"async\" alt=\"Urpi_sport_web\"  src=\"http:\/\/www.motorclubsabadell.com\/wp-content\/uploads\/2017\/03\/Urpi_sport_web.png\" border=\"0\" \/><\/a><\/p>\n<\/td>\n<td style=\"width: 11.5026%; height: 112px; text-align: center; vertical-align: middle; border-right-width: 1px; border-bottom-width: 0px;\" width=\"11%\" height=\"130\">\n<p style=\"margin-top: 0; margin-bottom: 0;\"><a title=\"HILDEGAR L\u00e0ser - El millor servei amb la millor qualitat en tall de peces met\u00e0l\u00b7liques per l\u00e0ser\" href=\"http:\/\/hidegar.com\/ca\/\" target=\"_blank\" rel=\"noopener noreferrer\"><br \/>\n<img decoding=\"async\" alt=\"Hidegar_web\"  src=\"http:\/\/www.motorclubsabadell.com\/wp-content\/uploads\/2017\/03\/Hidegar_web.png\" border=\"0\" \/><\/a><\/p>\n<\/td>\n<td style=\"width: 12.9043%; height: 112px; text-align: center; vertical-align: middle; border-right-width: 1px; border-bottom-width: 0px;\" width=\"11%\" height=\"130\">\n<p style=\"margin-top: 0; margin-bottom: 0;\"><a title=\"AFB Motorsport - Siempre contigo a pie de pista... Equipaciones completas (Cascos, Hans, Monos, Botas, Guantes, Ropa interior Ignifuga, Costillares y Collarines) de las mismas caracter\u00edsticas y modelos que utilizan los profesionales del mundo del Motorsport, F1 y Karting. Marcas top como Alpinestars y Bell.\" href=\"https:\/\/afbmotorsport.com\/\" target=\"_blank\" rel=\"noopener noreferrer\"><br \/>\n<img decoding=\"async\" alt=\"logo_AFB_web_2\"  src=\"http:\/\/www.motorclubsabadell.com\/Documents\/2020_Llana\/Logos\/logo_AFB_web_2.png\" border=\"0\" \/><\/a><\/p>\n<\/td>\n<td style=\"width: 1%; height: 112px;\" align=\"center\" height=\"130\"><\/td>\n<\/tr>\n<\/tbody>\n<\/table>\n<\/div>\n<div>\n<table id=\"table16\" style=\"text-align: center; margin-top: 0; margin-bottom: 0;\" width=\"98%\" cellspacing=\"0\" cellpadding=\"0\">\n<tbody>\n<tr>\n<td style=\"width: 34%; border: 1px solid #C0C0C0;\" align=\"center\" bgcolor=\"#f4f4f4\" height=\"25\">\n<p style=\"margin-top: 3px; margin-bottom: 0;\" align=\"center\"><span style=\"font-size: 12pt;\">XXI Ral\u00b7li de la Llana Trofeu AUTOSI\u00a0 &#8211; \u00a026 de setembre de 2020<br \/>\n<strong>Trofeu de Catalunya de Ral\u00b7lisprints d&#8217;Asfalt<\/strong><\/span><\/p>\n<\/td>\n<\/tr>\n<\/tbody>\n<\/table>\n<\/div>\n<table id=\"table18\" style=\"height: 196px; border-collapse: collapse; width: 97.8646%;\" border=\"0\" width=\"98%\" cellpadding=\"0\">\n<tbody>\n<tr style=\"height: 24px;\">\n<td class=\"navtxt\" style=\"width: 97.9531%; border-right-color: #c0c0c0; border-left-color: #c0c0c0; height: 24px;\" colspan=\"3\" height=\"20\"><\/td>\n<\/tr>\n<tr style=\"height: 30px;\">\n<td class=\"navtxt\" style=\"width: 1.69%; border-right-color: #c0c0c0; border-left-color: #c0c0c0; height: 172px;\"><\/td>\n<td class=\"navtxt\" style=\"width: 94.88%; border-right-color: #c0c0c0; border-left-color: #c0c0c0; height: 172px;\">&nbsp;<\/p>\n<p style=\"text-align: center;\"><strong>SUSP\u00c8S indefinidament el &#8220;XXI Ral\u00b7li de la Llana Trofeu Autosi&#8221;<\/strong><\/p>\n<p style=\"margin-top: 0px; margin-bottom: 0px; text-align: center;\">\u00a0Comunicat 29-9-2020 a les 19h: <a href=\"http:\/\/www.motorclubsabadell.com\/Documents\/2020_Llana\/200929_Suspensio_Llana_2020.pdf\" target=\"_blank\" rel=\"noopener noreferrer\">Fer clic AQU\u00cd<\/a><\/p>\n<p>&nbsp;<\/p>\n<p style=\"margin-top: 0px; margin-bottom: 0px; text-align: center;\"><span style=\"color: #993300;\"><em>Dem\u00e0 segurament comen\u00e7arem a tornar imports \u00edntegres de les inscripcions,\u00a0<\/em><\/span><br \/>\n<span style=\"color: #993300;\"><em>&#8230; he anat de b\u00f2lid (Carles Aluju, secre)<\/em><\/span><\/p>\n<p style=\"text-align: center;\">________________________________________<\/p>\n<p>&nbsp;<\/p>\n<p style=\"margin-top: 0px; margin-bottom: 0px; text-align: center;\">\u00a0Anterior comunicat del 25-9-2020 a les 15h: <a href=\"http:\/\/www.motorclubsabadell.com\/Documents\/2020_Llana\/200925_Comunicat_Llana_2020.pdf\" target=\"_blank\" rel=\"noopener noreferrer\">Fer clic AQU\u00cd<\/a><\/p>\n<p style=\"text-align: center;\"><em><span style=\"color: #999999; font-size: 11pt;\">(Ho hem comunicat particularment a pilots, copilots i oficials, aix\u00ed com serveis, ajuntaments, etc., per\u00f2<br \/>\na<\/span><\/em><em><span style=\"color: #999999; font-size: 12pt;\">lguns correus ens han tornat per estar malament l&#8217;adre\u00e7a que ens veu passar, ens sap greu)<\/span><\/em><\/p>\n<\/td>\n<td class=\"navtxt\" style=\"width: 1.38313%; border-right-color: #c0c0c0; border-left-color: #c0c0c0; height: 172px;\"><\/td>\n<\/tr>\n<\/tbody>\n<\/table>\n<p>&nbsp;<\/p>\n","protected":false},"excerpt":{"rendered":"<p>XXI Ral\u00b7li de la Llana Trofeu AUTOSI\u00a0 &#8211; \u00a026 de setembre de 2020 Trofeu de Catalunya de Ral\u00b7lisprints d&#8217;Asfalt &nbsp; SUSP\u00c8S indefinidament el &#8220;XXI Ral\u00b7li de la Llana&#8230;<\/p>\n","protected":false},"author":1,"featured_media":0,"parent":0,"menu_order":0,"comment_status":"closed","ping_status":"closed","template":"","meta":{"footnotes":""},"class_list":["post-3547","page","type-page","status-publish","hentry"],"_links":{"self":[{"href":"https:\/\/www.motorclubsabadell.com\/index.php\/wp-json\/wp\/v2\/pages\/3547","targetHints":{"allow":["GET"]}}],"collection":[{"href":"https:\/\/www.motorclubsabadell.com\/index.php\/wp-json\/wp\/v2\/pages"}],"about":[{"href":"https:\/\/www.motorclubsabadell.com\/index.php\/wp-json\/wp\/v2\/types\/page"}],"author":[{"embeddable":true,"href":"https:\/\/www.motorclubsabadell.com\/index.php\/wp-json\/wp\/v2\/users\/1"}],"replies":[{"embeddable":true,"href":"https:\/\/www.motorclubsabadell.com\/index.php\/wp-json\/wp\/v2\/comments?post=3547"}],"version-history":[{"count":14,"href":"https:\/\/www.motorclubsabadell.com\/index.php\/wp-json\/wp\/v2\/pages\/3547\/revisions"}],"predecessor-version":[{"id":3564,"href":"https:\/\/www.motorclubsabadell.com\/index.php\/wp-json\/wp\/v2\/pages\/3547\/revisions\/3564"}],"wp:attachment":[{"href":"https:\/\/www.motorclubsabadell.com\/index.php\/wp-json\/wp\/v2\/media?parent=3547"}],"curies":[{"name":"wp","href":"https:\/\/api.w.org\/{rel}","templated":true}]}}