{"id":3514,"date":"2020-09-24T19:04:02","date_gmt":"2020-09-24T17:04:02","guid":{"rendered":"http:\/\/www.motorclubsabadell.com\/?page_id=3514"},"modified":"2020-09-24T19:04:02","modified_gmt":"2020-09-24T17:04:02","slug":"assistencia-2020","status":"publish","type":"page","link":"https:\/\/www.motorclubsabadell.com\/index.php\/assistencia-2020\/","title":{"rendered":"Assist\u00e8ncia 2020"},"content":{"rendered":"<div>\n<table id=\"table1\" style=\"height: 112px; width: 98%;\" width=\"98%\" cellspacing=\"0\" cellpadding=\"0\">\n<tbody>\n<tr style=\"height: 112px;\">\n<td style=\"width: 1.31%; height: 112px;\" align=\"center\" height=\"130\"><\/td>\n<td style=\"width: 14.67%; height: 112px; text-align: center; vertical-align: middle; border-bottom-color: #808080; border-right-width: 0px; border-bottom-width: 0px; border-left-width: 0px; border-bottom-style: solid; border-left-style: solid;\" align=\"center\" width=\"15%\" height=\"130\">\n<p style=\"margin-top: 0; margin-bottom: 0;\"><a title=\"AutoSI, els millors vehicles d'ocasi\u00f3 ...\" href=\"http:\/\/www.autosi.es\/inicio\" target=\"_blank\" rel=\"noopener noreferrer\"><br \/>\n<img decoding=\"async\" alt=\"Autosi_web\"  src=\"http:\/\/www.motorclubsabadell.com\/wp-content\/uploads\/2017\/03\/Autosi_web.png\" align=\"right\" border=\"0\" \/><\/a><\/p>\n<\/td>\n<td style=\"width: 15.23%; height: 112px; text-align: center; vertical-align: middle; border-bottom-color: #808080; border-right-width: 0px; border-bottom-width: 0px; border-left-width: 0px; border-bottom-style: solid; border-left-style: solid;\" align=\"center\" width=\"15%\" height=\"130\">\n<p style=\"margin-top: 0; margin-bottom: 0;\"><a title=\"Difisa Racing - Venda i preparaci\u00f3 Abarth !!\" href=\"http:\/\/www.difisaracing.com\/\" target=\"_blank\" rel=\"noopener noreferrer\"><br \/>\n<img decoding=\"async\" alt=\"Difisa_web\"  src=\"http:\/\/www.motorclubsabadell.com\/wp-content\/uploads\/2017\/03\/Difisa_web.png\" align=\"right\" border=\"0\" \/><\/a><\/p>\n<\/td>\n<td style=\"width: 24.6357%; height: 112px; text-align: center; vertical-align: middle; border-bottom: 0px solid #808080; border-left: 0px solid #808080; border-right-width: 0px;\" align=\"center\" width=\"25%\" height=\"130\">\n<p style=\"margin-top: 0; margin-bottom: 0;\"><u><img loading=\"lazy\" decoding=\"async\" class=\"aligncenter\" src=\"http:\/\/www.motorclubsabadell.com\/Documents\/2020_Llana\/Placa_2020_200px.png\" alt=\"Placa 2020 provisional\" width=\"200\" height=\"100\" align=\"middle\" \/><\/u><\/p>\n<\/td>\n<td style=\"width: 12.0068%; height: 112px; text-align: center; vertical-align: middle; border-right-width: 1px; border-bottom-width: 0px;\" width=\"11%\" height=\"130\">\n<p style=\"margin-top: 0; margin-bottom: 0;\"><a title=\"Urp\u00ed Sport - Reparaci\u00f3 i preparaci\u00f3 de Porsche de carrer i de competici\u00f3\" href=\"http:\/\/www.urpisport.cat\/\" target=\"_blank\" rel=\"noopener noreferrer\"><br \/>\n<img decoding=\"async\" alt=\"Urpi_sport_web\"  src=\"http:\/\/www.motorclubsabadell.com\/wp-content\/uploads\/2017\/03\/Urpi_sport_web.png\" border=\"0\" \/><\/a><\/p>\n<\/td>\n<td style=\"width: 11.5026%; height: 112px; text-align: center; vertical-align: middle; border-right-width: 1px; border-bottom-width: 0px;\" width=\"11%\" height=\"130\">\n<p style=\"margin-top: 0; margin-bottom: 0;\"><a title=\"HILDEGAR L\u00e0ser - El millor servei amb la millor qualitat en tall de peces met\u00e0l\u00b7liques per l\u00e0ser\" href=\"http:\/\/hidegar.com\/ca\/\" target=\"_blank\" rel=\"noopener noreferrer\"><br \/>\n<img decoding=\"async\" alt=\"Hidegar_web\"  src=\"http:\/\/www.motorclubsabadell.com\/wp-content\/uploads\/2017\/03\/Hidegar_web.png\" border=\"0\" \/><\/a><\/p>\n<\/td>\n<td style=\"width: 12.9043%; height: 112px; text-align: center; vertical-align: middle; border-right-width: 1px; border-bottom-width: 0px;\" width=\"11%\" height=\"130\">\n<p style=\"margin-top: 0; margin-bottom: 0;\"><a title=\"AFB Motorsport - Siempre contigo a pie de pista... Equipaciones completas (Cascos, Hans, Monos, Botas, Guantes, Ropa interior Ignifuga, Costillares y Collarines) de las mismas caracter\u00edsticas y modelos que utilizan los profesionales del mundo del Motorsport, F1 y Karting. Marcas top como Alpinestars y Bell.\" href=\"https:\/\/afbmotorsport.com\/\" target=\"_blank\" rel=\"noopener noreferrer\"><br \/>\n<img decoding=\"async\" alt=\"logo_AFB_web_2\"  src=\"http:\/\/www.motorclubsabadell.com\/Documents\/2020_Llana\/Logos\/logo_AFB_web_2.png\" border=\"0\" \/><\/a><\/p>\n<\/td>\n<td style=\"width: 1%; height: 112px;\" align=\"center\" height=\"130\"><\/td>\n<\/tr>\n<\/tbody>\n<\/table>\n<div>\n<table id=\"table16\" style=\"text-align: center; margin-top: 0; margin-bottom: 0;\" width=\"98%\" cellspacing=\"0\" cellpadding=\"0\">\n<tbody>\n<tr>\n<td style=\"width: 34%; border: 1px solid #C0C0C0;\" align=\"center\" bgcolor=\"#f4f4f4\" height=\"25\">\n<p style=\"margin-top: 3px; margin-bottom: 0;\" align=\"center\"><span style=\"font-size: 12pt;\">XXI Ral\u00b7li de la Llana Trofeu AUTOSI\u00a0 &#8211; \u00a026 de setembre de 2020<br \/>\n<strong>Trofeu de Catalunya de Ral\u00b7lisprints d&#8217;Asfalt<\/strong><\/span><\/p>\n<\/td>\n<\/tr>\n<\/tbody>\n<\/table>\n<\/div>\n<table id=\"table18\" style=\"height: 185px; border-collapse: collapse; width: 97.4703%;\" border=\"0\" width=\"98%\" cellpadding=\"0\">\n<tbody>\n<tr style=\"height: 24px;\">\n<td class=\"navtxt\" style=\"width: 97.57%; border-right-color: #c0c0c0; border-left-color: #c0c0c0; height: 24px; border-style: none;\" colspan=\"3\" height=\"20\"><\/td>\n<\/tr>\n<tr style=\"height: 48px;\">\n<td class=\"navtxt\" style=\"width: 1.69%; border-right-color: #c0c0c0; border-left-color: #c0c0c0; height: 60px;\"><\/td>\n<td class=\"navtxt\" style=\"width: 94.88%; border-right-color: #c0c0c0; border-left-color: #c0c0c0; height: 60px; border-style: none; text-align: left;\"><strong>Localitzaci\u00f3 del Parc tancat i assist\u00e8ncies:<\/strong> Ubicaci\u00f3 de Google Maps: <a class=\"navtxt\" href=\"https:\/\/goo.gl\/maps\/wvUkYfnGsjq\" target=\"_blank\" rel=\"noopener noreferrer\">Aqu\u00ed<\/a><\/td>\n<td class=\"navtxt\" style=\"width: 1%; border-right-color: #c0c0c0; border-left-color: #c0c0c0; height: 60px;\"><\/td>\n<\/tr>\n<tr style=\"height: 10px;\">\n<td style=\"height: 10px; width: 1.69%;\"><\/td>\n<td style=\"height: 10px; width: 94.88%;\">\n<p style=\"text-align: left;\"><span style=\"font-size: 12pt;\"><span style=\"color: #ff0000; font-size: 14pt;\">ADVERT\u00c8NCIA IMPORTANT<\/span>:\u00a0<\/span><span style=\"font-size: 12pt;\">HORARIS i SISTEMA de VERICICACIONS, i MESURES ESPECIALS: <a href=\"http:\/\/www.motorclubsabadell.com\/Documents\/2020_Llana\/Mesures_especials_2020.pdf\" target=\"_blank\" rel=\"noopener noreferrer\"><span style=\"background-color: #ffff00;\">Fer clic AQU\u00cd<\/span><\/a><br \/>\n<\/span><span style=\"color: #ff0000;\">(Protocols per als participants, assist\u00e8ncies i p\u00fablic, <span style=\"font-size: 12pt;\">necessari llegit-lo tothom !!!<\/span>)<\/span><\/p>\n<\/td>\n<td class=\"navtxt\" style=\"width: 1%; border-right-color: #c0c0c0; border-left-color: #c0c0c0; height: 10px;\" height=\"40\"><\/td>\n<\/tr>\n<tr style=\"height: 40px;\">\n<td style=\"width: 1.69%; height: 91px;\"><\/td>\n<td><strong>\u00a0Parc d&#8217;assist\u00e8ncia, i espais:<\/strong><\/p>\n<p>\u00bb Hem confeccionat aquest pl\u00e0nol (el de sota, a la dreta) amb espais numerats amb <strong>DORSALS<\/strong>.<br \/>\n\u00bb Tenim una llista amb l\u2019espai i dorsal assignat a cada participant, m\u00e9s els assistents que ens heu enviat amb &#8220;Full declaraci\u00f3 Covid-19&#8221;, i la tindran unes persones a l\u2019entrada del Parc (control Covid), \u00f3n es far\u00e0 comprovaci\u00f3 de la llista, i presa de temperatura.<br \/>\n\u00bb NOM\u00c9S entraran al recinte les persones autoritzades i amb control previ del protocol.<\/td>\n<td style=\"width: 1%; border-right-color: #c0c0c0; border-left-color: #c0c0c0; height: 91px;\"><\/td>\n<\/tr>\n<tr>\n<td style=\"width: 1.69%;\"><\/td>\n<td><strong>A dins del recinte:<\/strong><\/p>\n<p>\u00bb Respecteu l\u2019espai assignat, si <strong>no feu us dels espais del costat<\/strong>, els companys del vostre costat es veuran afectats, respecteu-nos tots, gr\u00e0cies, qualsevol problema busqueu al responsable del Parc d\u2019Assist\u00e8ncia i es buscar\u00e0 la millor soluci\u00f3.<br \/>\n\u00bb Estar\u00e0 TOTALMENT PROHIBIT entrar amb cap altre vehicle que no sigui el de l\u2019assist\u00e8ncia que ens veu dir per tel\u00e8fon quan vem trucar.<br \/>\n\u00bb Estar\u00e0 TOTALMENT PROHIBIT entrar remolcs o grues, tot l\u2019espai ser\u00e1 ocupat per vehicles d\u2019assist\u00e8ncia i vehicles participants.<br \/>\n\u00bb Procureu deixar els accesos i els passadissos lliures per facilitar la circulaci\u00f3 dels vehicles participants.<br \/>\n\u00bb Feu servir els contenidors per deixar les escombreries i aix\u00ed entre tots deixarem l\u2019espai net.<\/p>\n<p>\u2013 Teniu WC\u2019s a la vostre dispossici\u00f3, feu-ne \u00fas amb guants si \u00e9s possible, i deixeu-los com us agradar\u00eda trobar-los, gr\u00e0cies.<\/p>\n<p><strong>Vehicles sense espai asignat:<\/strong><\/p>\n<p>Els dorsals sense espai assignat \u00e9s perqu\u00e8 no fan assist\u00e8ncia.<\/p>\n<p><strong>Mides de l\u2019espai d\u2019assist\u00e8ncia.<\/strong><\/p>\n<p>1 Cotxe:\u00a0 \u00a06 X 5<br \/>\n2 Cotxes: 9 X 5<br \/>\n3 Cotxes: 12 X 5<br \/>\n4 Cotxes: 15 X 5<br \/>\n5 Cotxes: 18 X 5<br \/>\n6 Cotxes: 21 X 5<br \/>\n7 Cotxes: 24 X 5<\/td>\n<td style=\"width: 1%; border-right-color: #c0c0c0; border-left-color: #c0c0c0;\"><\/td>\n<\/tr>\n<tr>\n<td style=\"width: 1.69%;\"><\/td>\n<td><strong>Pl\u00e0nols:<\/strong><\/p>\n<p style=\"text-align: center;\"><a class=\"boxersandswipers\" href=\"http:\/\/www.motorclubsabadell.com\/Documents\/2019_Llana\/Assistencia_2019.jpg\" target=\"_blank\" rel=\"noopener noreferrer\"><img loading=\"lazy\" decoding=\"async\" src=\"http:\/\/www.motorclubsabadell.com\/Documents\/2019_Llana\/Assistencia_2019.jpg\" alt=\"Pl\u00e0nol aeri\" width=\"250\" height=\"192\" align=\"middle\" border=\"0\" hspace=\"1\" vspace=\"1\" \/><\/a>\u00a0\u00a0 <a class=\"boxersandswipers\" href=\"http:\/\/www.motorclubsabadell.com\/Documents\/2020_Llana\/Espais_Assistencia_2020.jpg\" target=\"_blank\" rel=\"noopener noreferrer\"><img loading=\"lazy\" decoding=\"async\" src=\"http:\/\/www.motorclubsabadell.com\/Documents\/2020_Llana\/Espais_Assistencia_2020.jpg\" alt=\"Pl\u00e0nol entrada\" width=\"210\" height=\"361\" align=\"middle\" border=\"0\" hspace=\"1\" vspace=\"1\" \/><\/a><\/p>\n<\/td>\n<td style=\"width: 1%; border-right-color: #c0c0c0; border-left-color: #c0c0c0;\"><\/td>\n<\/tr>\n<\/tbody>\n<\/table>\n<p>&nbsp;<\/p>\n<\/div>\n","protected":false},"excerpt":{"rendered":"<p>XXI Ral\u00b7li de la Llana Trofeu AUTOSI\u00a0 &#8211; \u00a026 de setembre de 2020 Trofeu de Catalunya de Ral\u00b7lisprints d&#8217;Asfalt Localitzaci\u00f3 del Parc tancat i assist\u00e8ncies: Ubicaci\u00f3 de Google&#8230;<\/p>\n","protected":false},"author":1,"featured_media":0,"parent":0,"menu_order":0,"comment_status":"closed","ping_status":"closed","template":"","meta":{"footnotes":""},"class_list":["post-3514","page","type-page","status-publish","hentry"],"_links":{"self":[{"href":"https:\/\/www.motorclubsabadell.com\/index.php\/wp-json\/wp\/v2\/pages\/3514","targetHints":{"allow":["GET"]}}],"collection":[{"href":"https:\/\/www.motorclubsabadell.com\/index.php\/wp-json\/wp\/v2\/pages"}],"about":[{"href":"https:\/\/www.motorclubsabadell.com\/index.php\/wp-json\/wp\/v2\/types\/page"}],"author":[{"embeddable":true,"href":"https:\/\/www.motorclubsabadell.com\/index.php\/wp-json\/wp\/v2\/users\/1"}],"replies":[{"embeddable":true,"href":"https:\/\/www.motorclubsabadell.com\/index.php\/wp-json\/wp\/v2\/comments?post=3514"}],"version-history":[{"count":31,"href":"https:\/\/www.motorclubsabadell.com\/index.php\/wp-json\/wp\/v2\/pages\/3514\/revisions"}],"predecessor-version":[{"id":3545,"href":"https:\/\/www.motorclubsabadell.com\/index.php\/wp-json\/wp\/v2\/pages\/3514\/revisions\/3545"}],"wp:attachment":[{"href":"https:\/\/www.motorclubsabadell.com\/index.php\/wp-json\/wp\/v2\/media?parent=3514"}],"curies":[{"name":"wp","href":"https:\/\/api.w.org\/{rel}","templated":true}]}}