{"id":28,"date":"2015-10-09T21:16:22","date_gmt":"2015-10-09T19:16:22","guid":{"rendered":"http:\/\/www.motorclubsabadell.com\/novaweb\/?page_id=28"},"modified":"2026-04-28T19:26:38","modified_gmt":"2026-04-28T17:26:38","slug":"benvinguda","status":"publish","type":"page","link":"https:\/\/www.motorclubsabadell.com\/index.php\/benvinguda\/","title":{"rendered":"Benvinguda"},"content":{"rendered":"<p>Estimats socis i s\u00f2cies del Motor Club Sabadell,<\/p>\n<p>Amb gran entusiasme i alegria, em dirigeixo a tots vosaltres per presentar-vos una nova etapa emocionant en la nostra entitat. Com a president del club, vull expressar la meva gratitud cap a tots vosaltres i tamb\u00e9 aprofitar l&#8217;oportunitat per agrair al nostre estimat expresident, Jaume Marco, la seva dedicaci\u00f3 i excel\u00b7lent tasca durant tots aquests anys.<\/p>\n<p>El Jaume ha estat un l\u00edder inspirador i un gran defensor del motor a Sabadell. El seu comprom\u00eds amb el club ha estat exemplar i els seus esfor\u00e7os han contribu\u00eft en gran mesura al creixement i \u00e8xits que hem aconseguit fins ara.<\/p>\n<p>Com que assumeixo el c\u00e0rrec de president, s\u00e9 que tinc grans reptes per fer. Per\u00f2 estic decidit a treballar amb tota la meva passi\u00f3 i determinaci\u00f3 per continuar l&#8217;excel\u00b7lent treball que el Jaume ha realitzat. Amb el suport de tots vosaltres, estic segur que assolirem grans fites i consolidarem encara m\u00e9s el Motor Club Sabadell com una refer\u00e8ncia en el m\u00f3n del motor.<\/p>\n<p><img loading=\"lazy\" decoding=\"async\" class=\"size-full wp-image-53 alignleft\" style=\"text-align: justify;\" src=\"https:\/\/www.motorclubsabadell.com\/wp-content\/uploads\/PresidentEdu.jpg\" alt=\"PresidentMCS\" width=\"204\" height=\"247\" \/>Us animo a unir-vos a aquesta nova etapa amb entusiasme i optimisme. La vostra participaci\u00f3 activa \u00e9s fonamental per al creixement i \u00e8xit continuat del club.<\/p>\n<p>Amb tota la humilitat i determinaci\u00f3, us convido a compartir amb mi aquesta nova etapa emocionant.<\/p>\n<p>Cordialment,<\/p>\n<p>Eduard For\u00e9s P\u00e9rez<br \/>\nPresident del Motor Club Sabadell<br \/>\n24 de juliol del 2023<\/p>\n","protected":false},"excerpt":{"rendered":"<p>Estimats socis i s\u00f2cies del Motor Club Sabadell, Amb gran entusiasme i alegria, em dirigeixo a tots vosaltres per presentar-vos una nova etapa emocionant en la nostra entitat&#8230;.<\/p>\n","protected":false},"author":2,"featured_media":0,"parent":0,"menu_order":0,"comment_status":"closed","ping_status":"closed","template":"","meta":{"footnotes":""},"class_list":["post-28","page","type-page","status-publish","hentry"],"_links":{"self":[{"href":"https:\/\/www.motorclubsabadell.com\/index.php\/wp-json\/wp\/v2\/pages\/28","targetHints":{"allow":["GET"]}}],"collection":[{"href":"https:\/\/www.motorclubsabadell.com\/index.php\/wp-json\/wp\/v2\/pages"}],"about":[{"href":"https:\/\/www.motorclubsabadell.com\/index.php\/wp-json\/wp\/v2\/types\/page"}],"author":[{"embeddable":true,"href":"https:\/\/www.motorclubsabadell.com\/index.php\/wp-json\/wp\/v2\/users\/2"}],"replies":[{"embeddable":true,"href":"https:\/\/www.motorclubsabadell.com\/index.php\/wp-json\/wp\/v2\/comments?post=28"}],"version-history":[{"count":22,"href":"https:\/\/www.motorclubsabadell.com\/index.php\/wp-json\/wp\/v2\/pages\/28\/revisions"}],"predecessor-version":[{"id":5139,"href":"https:\/\/www.motorclubsabadell.com\/index.php\/wp-json\/wp\/v2\/pages\/28\/revisions\/5139"}],"wp:attachment":[{"href":"https:\/\/www.motorclubsabadell.com\/index.php\/wp-json\/wp\/v2\/media?parent=28"}],"curies":[{"name":"wp","href":"https:\/\/api.w.org\/{rel}","templated":true}]}}

<p>Estimats socis i sòcies del Motor Club Sabadell,</p>
<p>Amb gran entusiasme i alegria, em dirigeixo a tots vosaltres per presentar-vos una nova etapa emocionant en la nostra entitat. Com a president del club, vull expressar la meva gratitud cap a tots vosaltres i també aprofitar l&#8217;oportunitat per agrair al nostre estimat expresident, Jaume Marco, la seva dedicació i excel·lent tasca durant tots aquests anys.</p>
<p>El Jaume ha estat un líder inspirador i un gran defensor del motor a Sabadell. El seu compromís amb el club ha estat exemplar i els seus esforços han contribuït en gran mesura al creixement i èxits que hem aconseguit fins ara.</p>
<p>Com que assumeixo el càrrec de president, sé que tinc grans reptes per fer. Però estic decidit a treballar amb tota la meva passió i determinació per continuar l&#8217;excel·lent treball que el Jaume ha realitzat. Amb el suport de tots vosaltres, estic segur que assolirem grans fites i consolidarem encara més el Motor Club Sabadell com una referència en el món del motor.</p>
<p><img loading="lazy" decoding="async" class="size-full wp-image-53 alignleft" style="text-align: justify;" src="https://www.motorclubsabadell.com/wp-content/uploads/PresidentEdu.jpg" alt="PresidentMCS" width="204" height="247" />Us animo a unir-vos a aquesta nova etapa amb entusiasme i optimisme. La vostra participació activa és fonamental per al creixement i èxit continuat del club.</p>
<p>Amb tota la humilitat i determinació, us convido a compartir amb mi aquesta nova etapa emocionant.</p>
<p>Cordialment,</p>
<p>Eduard Forés Pérez<br />
President del Motor Club Sabadell<br />
24 de juliol del 2023</p>

<p>Estimats socis i sòcies del Motor Club Sabadell, Amb gran entusiasme i alegria, em dirigeixo a tots vosaltres per presentar-vos una nova etapa emocionant en la nostra entitat&#8230;.</p>
