{"id":2,"date":"2015-07-28T20:12:53","date_gmt":"2015-07-28T18:12:53","guid":{"rendered":"http:\/\/www.motorclubsabadell.com\/novaweb\/?page_id=2"},"modified":"2026-04-24T13:17:32","modified_gmt":"2026-04-24T11:17:32","slug":"d-on-venim","status":"publish","type":"page","link":"https:\/\/www.motorclubsabadell.com\/index.php\/d-on-venim\/","title":{"rendered":"D&#8217;on Venim \/ Estatuts"},"content":{"rendered":"<p align=\"justify\">El Motor Club Sabadell (MCS) va n\u00e9ixer l\u2019any 2003 i est\u00e0 format per gent de la nostra ciutat i de tot Catalunya, vinculada d\u2019una o altra manera al m\u00f3n del les quatre rodes, b\u00e0sicament en la seva vessant esportiva.<\/p>\n<p align=\"justify\">Alguns de nosaltres ja fa m\u00e9s de 40 anys que ens &#8216;arrosseguem&#8217; per les curses automobil\u00edstiques, i al club, hi ha persones relacionades amb els ral\u00b7lis, els\u00a0 circuits, la muntanya, els cotxes cl\u00e0ssics, els raids, el trial 4&#215;4, els karts, l\u2019eslot, les motos, agrupacions d\u2019amics del motor, comissaris esportius, federatius, etc. de totes les edats i sexes.<\/p>\n<p align=\"justify\">En aquesta plana web, mirarem que hi tingui cabuda la informaci\u00f3 d\u2019actualitat relacionada amb totes i cadascuna d\u2019aquestes activitats. A m\u00e9s a m\u00e9s estem duent a terme gestions per tal de, en un futur no gaire lluny\u00e0,\u00a0 poder assessorar, ajudar i transmetre tota la nostra experi\u00e8ncia, a totes les joves promeses que avui potser encara no han complert la majoria d\u2019edat, per\u00f2 que ja s\u2019han iniciat &#8211; o estan pensant fer-ho en un futur &#8211; en alguna d\u2019aquestes disciplines.<\/p>\n<p align=\"justify\">Des d\u2019aqu\u00ed, us fem una crida per tal d\u2019engrescar-vos a unir-vos a nosaltres.<\/p>\n<p align=\"justify\">&#8230; aix\u00ed doncs, BENVINGUTS.<\/p>\n<hr noshade=\"noshade\" size=\"1\" width=\"28%\" \/>\n<p align=\"center\">Eleccions 2025 (documentaci\u00f3 a la seu del club)<\/p>\n<hr noshade=\"noshade\" size=\"1\" width=\"28%\" \/>\n<p align=\"center\"><a href=\"https:\/\/www.motorclubsabadell.com\/Documents\/Estatuts_2022.pdf\" target=\"_blank\" rel=\"noopener noreferrer\">Estatuts del Motor Club Sabadell 2022<\/a><\/p>\n<hr noshade=\"noshade\" size=\"1\" width=\"28%\" \/>\n<p align=\"center\">Eleccions 2017 (documentaci\u00f3 a la seu del club)<\/p>\n<hr noshade=\"noshade\" size=\"1\" width=\"28%\" \/>\n<p align=\"center\"><a href=\"https:\/\/www.motorclubsabadell.com\/Documents\/231003_Certificat_nou_president.pdf\" rel=\"noopener noreferrer\">Canvi de President 2023<\/a><\/p>\n<hr noshade=\"noshade\" size=\"1\" width=\"28%\" \/>\n<p align=\"center\">\n","protected":false},"excerpt":{"rendered":"<p>El Motor Club Sabadell (MCS) va n\u00e9ixer l\u2019any 2003 i est\u00e0 format per gent de la nostra ciutat i de tot Catalunya, vinculada d\u2019una o altra manera al&#8230;<\/p>\n","protected":false},"author":1,"featured_media":0,"parent":0,"menu_order":0,"comment_status":"closed","ping_status":"closed","template":"","meta":{"footnotes":""},"class_list":["post-2","page","type-page","status-publish","hentry"],"_links":{"self":[{"href":"https:\/\/www.motorclubsabadell.com\/index.php\/wp-json\/wp\/v2\/pages\/2","targetHints":{"allow":["GET"]}}],"collection":[{"href":"https:\/\/www.motorclubsabadell.com\/index.php\/wp-json\/wp\/v2\/pages"}],"about":[{"href":"https:\/\/www.motorclubsabadell.com\/index.php\/wp-json\/wp\/v2\/types\/page"}],"author":[{"embeddable":true,"href":"https:\/\/www.motorclubsabadell.com\/index.php\/wp-json\/wp\/v2\/users\/1"}],"replies":[{"embeddable":true,"href":"https:\/\/www.motorclubsabadell.com\/index.php\/wp-json\/wp\/v2\/comments?post=2"}],"version-history":[{"count":26,"href":"https:\/\/www.motorclubsabadell.com\/index.php\/wp-json\/wp\/v2\/pages\/2\/revisions"}],"predecessor-version":[{"id":6119,"href":"https:\/\/www.motorclubsabadell.com\/index.php\/wp-json\/wp\/v2\/pages\/2\/revisions\/6119"}],"wp:attachment":[{"href":"https:\/\/www.motorclubsabadell.com\/index.php\/wp-json\/wp\/v2\/media?parent=2"}],"curies":[{"name":"wp","href":"https:\/\/api.w.org\/{rel}","templated":true}]}}

<p align="justify">El Motor Club Sabadell (MCS) va néixer l’any 2003 i està format per gent de la nostra ciutat i de tot Catalunya, vinculada d’una o altra manera al món del les quatre rodes, bàsicament en la seva vessant esportiva.</p>
<p align="justify">Alguns de nosaltres ja fa més de 40 anys que ens &#8216;arrosseguem&#8217; per les curses automobilístiques, i al club, hi ha persones relacionades amb els ral·lis, els  circuits, la muntanya, els cotxes clàssics, els raids, el trial 4&#215;4, els karts, l’eslot, les motos, agrupacions d’amics del motor, comissaris esportius, federatius, etc. de totes les edats i sexes.</p>
<p align="justify">En aquesta plana web, mirarem que hi tingui cabuda la informació d’actualitat relacionada amb totes i cadascuna d’aquestes activitats. A més a més estem duent a terme gestions per tal de, en un futur no gaire llunyà,  poder assessorar, ajudar i transmetre tota la nostra experiència, a totes les joves promeses que avui potser encara no han complert la majoria d’edat, però que ja s’han iniciat &#8211; o estan pensant fer-ho en un futur &#8211; en alguna d’aquestes disciplines.</p>
<p align="justify">Des d’aquí, us fem una crida per tal d’engrescar-vos a unir-vos a nosaltres.</p>
<p align="justify">&#8230; així doncs, BENVINGUTS.</p>
<hr noshade="noshade" size="1" width="28%" />
<p align="center">Eleccions 2025 (documentació a la seu del club)</p>
<hr noshade="noshade" size="1" width="28%" />
<p align="center"><a href="https://www.motorclubsabadell.com/Documents/Estatuts_2022.pdf" target="_blank" rel="noopener noreferrer">Estatuts del Motor Club Sabadell 2022</a></p>
<hr noshade="noshade" size="1" width="28%" />
<p align="center">Eleccions 2017 (documentació a la seu del club)</p>
<hr noshade="noshade" size="1" width="28%" />
<p align="center"><a href="https://www.motorclubsabadell.com/Documents/231003_Certificat_nou_president.pdf" rel="noopener noreferrer">Canvi de President 2023</a></p>
<hr noshade="noshade" size="1" width="28%" />
<p align="center">

<p>El Motor Club Sabadell (MCS) va néixer l’any 2003 i està format per gent de la nostra ciutat i de tot Catalunya, vinculada d’una o altra manera al&#8230;</p>
