{"id":1782,"date":"2018-05-04T13:34:21","date_gmt":"2018-05-04T11:34:21","guid":{"rendered":"http:\/\/www.motorclubsabadell.com\/?page_id=1782"},"modified":"2018-05-04T16:48:33","modified_gmt":"2018-05-04T14:48:33","slug":"llista-dinscrits-i-concentracio-ruta-turistica","status":"publish","type":"page","link":"https:\/\/www.motorclubsabadell.com\/index.php\/llista-dinscrits-i-concentracio-ruta-turistica\/","title":{"rendered":"Llista d&#8217;inscrits &#8220;I Concentraci\u00f3 + Ruta Tur\u00edstica&#8221;"},"content":{"rendered":"<p>Llista d&#8217;inscrits de la &#8220;I Concentraci\u00f3 + Ruta Tur\u00edstica de la 65\u00aa Festa de l&#8217;Esport&#8221;, per ordre d&#8217;entrada<\/p>\n<p>[cfdb-table form=&#8221;Formulari inscripci\u00f3 I Ruta tur\u00edstica de la 65\u00aa Festa de l&#8217;Esport&#8221; orderby=&#8221;Submitted ASC&#8221; class=&#8221;table-hover table-striped small&#8221; show=&#8221;Equip,Nom,Cognom1,Cognom2,NomAcompanyant,Cognom1Acompanyant,Cognom2Acompanyant,Marca,Model,AnyMatricula,CiutatCotxe,vehicleCM&#8221; Headers=&#8221;Equip=Equip,Nom=Pilot,Cognom1=,Cognom2=,NomAcompanyant=Copi,Cognom1Acompanyant=,Cognom2Acompanyant=,AnyMatricula=Any,CiutatCotxe=Ciutat origen del vehicle,vehicleCM=Cotxe\/Moto\/Altres&#8221;<br \/>\nheaders=&#8221;Equip=Equip,Nom=Pilot,Cognom1=,Cognom2=,NomAcompanyant=Copi,Cognom1Acompanyant=,Cognom2Acompanyant=,AnyMatricula=Any,CiutatCotxe=Ciutat origen del vehicle,vehicleCM=Cotxe\/Moto\/Altres&#8221;]<br \/>\nTotal pre-inscrits: [cfdb-count form=&#8221;Formulari inscripci\u00f3 I Ruta tur\u00edstica de la 65\u00aa Festa de l&#8217;Esport&#8221;]<\/p>\n","protected":false},"excerpt":{"rendered":"<p>Llista d&#8217;inscrits de la &#8220;I Concentraci\u00f3 + Ruta Tur\u00edstica de la 65\u00aa Festa de l&#8217;Esport&#8221;, per ordre d&#8217;entrada [cfdb-table form=&#8221;Formulari inscripci\u00f3 I Ruta tur\u00edstica de la 65\u00aa Festa&#8230;<\/p>\n","protected":false},"author":1,"featured_media":0,"parent":0,"menu_order":0,"comment_status":"closed","ping_status":"closed","template":"","meta":{"footnotes":""},"class_list":["post-1782","page","type-page","status-publish","hentry"],"_links":{"self":[{"href":"https:\/\/www.motorclubsabadell.com\/index.php\/wp-json\/wp\/v2\/pages\/1782","targetHints":{"allow":["GET"]}}],"collection":[{"href":"https:\/\/www.motorclubsabadell.com\/index.php\/wp-json\/wp\/v2\/pages"}],"about":[{"href":"https:\/\/www.motorclubsabadell.com\/index.php\/wp-json\/wp\/v2\/types\/page"}],"author":[{"embeddable":true,"href":"https:\/\/www.motorclubsabadell.com\/index.php\/wp-json\/wp\/v2\/users\/1"}],"replies":[{"embeddable":true,"href":"https:\/\/www.motorclubsabadell.com\/index.php\/wp-json\/wp\/v2\/comments?post=1782"}],"version-history":[{"count":19,"href":"https:\/\/www.motorclubsabadell.com\/index.php\/wp-json\/wp\/v2\/pages\/1782\/revisions"}],"predecessor-version":[{"id":1785,"href":"https:\/\/www.motorclubsabadell.com\/index.php\/wp-json\/wp\/v2\/pages\/1782\/revisions\/1785"}],"wp:attachment":[{"href":"https:\/\/www.motorclubsabadell.com\/index.php\/wp-json\/wp\/v2\/media?parent=1782"}],"curies":[{"name":"wp","href":"https:\/\/api.w.org\/{rel}","templated":true}]}}