{"id":1725,"date":"2018-05-02T10:35:39","date_gmt":"2018-05-02T08:35:39","guid":{"rendered":"http:\/\/www.motorclubsabadell.com\/?page_id=1725"},"modified":"2018-05-02T10:35:39","modified_gmt":"2018-05-02T08:35:39","slug":"formulari-dinscripcio-rlc-2018","status":"publish","type":"page","link":"https:\/\/www.motorclubsabadell.com\/index.php\/formulari-dinscripcio-rlc-2018\/","title":{"rendered":"Formulari d&#8217;inscripci\u00f3 RLC 2018"},"content":{"rendered":"<p><span style=\"font-family: Arial;\"><strong><em>3er Trofeu Rally Legend Cup 2018 <\/em><\/strong><a title=\"Tancar\" target=\"_parent\"><span style=\"color: #666666;\"> <strong><em> <\/em><\/strong><\/span><\/a><\/span><br \/>\n<span style=\"font-family: Arial; font-size: 10pt;\"><span style=\"color: #c91c2b;\">(Els camps amb * a l&#8217;inici s\u00f3n obligatoris)<\/span><\/span><\/p>\n<p><span style=\"font-family: arial,helvetica,sans-serif; font-size: 10pt;\">Per saltar al camp seg\u00fcent, utilitzeu la tecla &#8220;Tab&#8221; i per recular, &#8220;May\u00fas.+Tab&#8221;. La tecla Return (Enter) est\u00e0 desactivada.<\/span><\/p>\n<p class=\"wpcf7-contact-form-not-found\"><strong>Error:<\/strong> No s&#039;ha trobat el formulari de contacte.<\/p>\n","protected":false},"excerpt":{"rendered":"<p>3er Trofeu Rally Legend Cup 2018 (Els camps amb * a l&#8217;inici s\u00f3n obligatoris) Per saltar al camp seg\u00fcent, utilitzeu la tecla &#8220;Tab&#8221; i per recular, &#8220;May\u00fas.+Tab&#8221;. La&#8230;<\/p>\n","protected":false},"author":1,"featured_media":0,"parent":0,"menu_order":0,"comment_status":"closed","ping_status":"closed","template":"","meta":{"footnotes":""},"class_list":["post-1725","page","type-page","status-publish","hentry"],"_links":{"self":[{"href":"https:\/\/www.motorclubsabadell.com\/index.php\/wp-json\/wp\/v2\/pages\/1725","targetHints":{"allow":["GET"]}}],"collection":[{"href":"https:\/\/www.motorclubsabadell.com\/index.php\/wp-json\/wp\/v2\/pages"}],"about":[{"href":"https:\/\/www.motorclubsabadell.com\/index.php\/wp-json\/wp\/v2\/types\/page"}],"author":[{"embeddable":true,"href":"https:\/\/www.motorclubsabadell.com\/index.php\/wp-json\/wp\/v2\/users\/1"}],"replies":[{"embeddable":true,"href":"https:\/\/www.motorclubsabadell.com\/index.php\/wp-json\/wp\/v2\/comments?post=1725"}],"version-history":[{"count":2,"href":"https:\/\/www.motorclubsabadell.com\/index.php\/wp-json\/wp\/v2\/pages\/1725\/revisions"}],"predecessor-version":[{"id":1733,"href":"https:\/\/www.motorclubsabadell.com\/index.php\/wp-json\/wp\/v2\/pages\/1725\/revisions\/1733"}],"wp:attachment":[{"href":"https:\/\/www.motorclubsabadell.com\/index.php\/wp-json\/wp\/v2\/media?parent=1725"}],"curies":[{"name":"wp","href":"https:\/\/api.w.org\/{rel}","templated":true}]}}