{"id":1052,"date":"2017-03-15T12:05:36","date_gmt":"2017-03-15T11:05:36","guid":{"rendered":"http:\/\/www.motorclubsabadell.com\/?page_id=1052"},"modified":"2018-05-04T16:46:43","modified_gmt":"2018-05-04T14:46:43","slug":"pre-inscrits-rlc-2017","status":"publish","type":"page","link":"https:\/\/www.motorclubsabadell.com\/index.php\/pre-inscrits-rlc-2017\/","title":{"rendered":"Llista de pre-inscrits del Trofeu RLC 2017"},"content":{"rendered":"<p>Llista de pre-inscrits del Trofeu RLC 2017, per ordre d&#8217;entrada<\/p>\n<p>[cfdb-table form=&#8221;Formulari inscripci\u00f3 Trofeu RallyLegendCup 2017&#8243; orderby=&#8221;Submitted ASC&#8221; class=&#8221;table-hover table-striped small&#8221; show=&#8221;Escuderia,Equip,NomPilot,Cognom1Pilot,Cognom2Pilot,NomCopilot,Cognom1Copilot,Cognom2Copilot,Marca,Model,Any,Classe,disciplina&#8221; Headers=&#8221;NomPilot=Nom,Cognom1Pilot=Cognom 1,Cognom2Pilot=Cognom 2,NomCopilot=Nom,Cognom1Copilot=Cognom1,Cognom2Copilot=Cognom 2,any=Any,classe=Classe&#8221; headers=&#8221;NomPilot=Pilot,Cognom1Pilot=,LlicenciaPilot=Llic\u00e8ncia,Cognom2Pilot=,NomCopilot=Copilot,Cognom1Copilot=,Cognom2Copilot=,LlicenciaCopilot=Llic\u00e8ncia,disciplina=Disciplina&#8221;]Total pre-inscrits: [cfdb-count form=&#8221;Formulari inscripci\u00f3 Trofeu RallyLegendCup 2017&#8243;]<\/p>\n","protected":false},"excerpt":{"rendered":"<p>Llista de pre-inscrits del Trofeu RLC 2017, per ordre d&#8217;entrada [cfdb-table form=&#8221;Formulari inscripci\u00f3 Trofeu RallyLegendCup 2017&#8243; orderby=&#8221;Submitted ASC&#8221; class=&#8221;table-hover table-striped small&#8221; show=&#8221;Escuderia,Equip,NomPilot,Cognom1Pilot,Cognom2Pilot,NomCopilot,Cognom1Copilot,Cognom2Copilot,Marca,Model,Any,Classe,disciplina&#8221; Headers=&#8221;NomPilot=Nom,Cognom1Pilot=Cognom 1,Cognom2Pilot=Cognom 2,NomCopilot=Nom,Cognom1Copilot=Cognom1,Cognom2Copilot=Cognom 2,any=Any,classe=Classe&#8221; headers=&#8221;NomPilot=Pilot,Cognom1Pilot=,LlicenciaPilot=Llic\u00e8ncia,Cognom2Pilot=,NomCopilot=Copilot,Cognom1Copilot=,Cognom2Copilot=,LlicenciaCopilot=Llic\u00e8ncia,disciplina=Disciplina&#8221;]Total pre-inscrits:&#8230;<\/p>\n","protected":false},"author":1,"featured_media":0,"parent":0,"menu_order":0,"comment_status":"closed","ping_status":"closed","template":"","meta":{"footnotes":""},"class_list":["post-1052","page","type-page","status-publish","hentry"],"_links":{"self":[{"href":"https:\/\/www.motorclubsabadell.com\/index.php\/wp-json\/wp\/v2\/pages\/1052","targetHints":{"allow":["GET"]}}],"collection":[{"href":"https:\/\/www.motorclubsabadell.com\/index.php\/wp-json\/wp\/v2\/pages"}],"about":[{"href":"https:\/\/www.motorclubsabadell.com\/index.php\/wp-json\/wp\/v2\/types\/page"}],"author":[{"embeddable":true,"href":"https:\/\/www.motorclubsabadell.com\/index.php\/wp-json\/wp\/v2\/users\/1"}],"replies":[{"embeddable":true,"href":"https:\/\/www.motorclubsabadell.com\/index.php\/wp-json\/wp\/v2\/comments?post=1052"}],"version-history":[{"count":2,"href":"https:\/\/www.motorclubsabadell.com\/index.php\/wp-json\/wp\/v2\/pages\/1052\/revisions"}],"predecessor-version":[{"id":1810,"href":"https:\/\/www.motorclubsabadell.com\/index.php\/wp-json\/wp\/v2\/pages\/1052\/revisions\/1810"}],"wp:attachment":[{"href":"https:\/\/www.motorclubsabadell.com\/index.php\/wp-json\/wp\/v2\/media?parent=1052"}],"curies":[{"name":"wp","href":"https:\/\/api.w.org\/{rel}","templated":true}]}}