{"id":1038,"date":"2017-03-15T19:42:52","date_gmt":"2017-03-15T18:42:52","guid":{"rendered":"http:\/\/www.motorclubsabadell.com\/?page_id=1038"},"modified":"2017-03-15T19:42:52","modified_gmt":"2017-03-15T18:42:52","slug":"formulari-dinscripcio-rlc-2017","status":"publish","type":"page","link":"https:\/\/www.motorclubsabadell.com\/index.php\/formulari-dinscripcio-rlc-2017\/","title":{"rendered":"Formulari d&#8217;inscripci\u00f3 RLC 2017"},"content":{"rendered":"<p><span style=\"font-family: Arial;\"><strong><em>2on Trofeu Rally Legend Cup 2017\u00a0<\/em><\/strong><a title=\"Tancar\" target=\"_parent\"><span style=\"color: #666666;\">\u00a0<strong><em>\u00a0<\/em><\/strong><\/span><\/a><\/span><br \/>\n<span style=\"font-family: Arial; font-size: 10pt;\"><span style=\"color: #c91c2b;\">(Els camps amb * a l&#8217;inici s\u00f3n obligatoris)<\/span><\/span><\/p>\n<p><span style=\"font-family: arial,helvetica,sans-serif; font-size: 10pt;\">Per saltar al camp seg\u00fcent, utilitzeu la tecla &#8220;Tab&#8221; i per recular, &#8220;May\u00fas.+Tab&#8221;. La tecla Return (Enter) est\u00e0 desactivada.<\/span><\/p>\n<p class=\"wpcf7-contact-form-not-found\"><strong>Error:<\/strong> No s&#039;ha trobat el formulari de contacte.<\/p>\n","protected":false},"excerpt":{"rendered":"<p>2on Trofeu Rally Legend Cup 2017\u00a0\u00a0\u00a0 (Els camps amb * a l&#8217;inici s\u00f3n obligatoris) Per saltar al camp seg\u00fcent, utilitzeu la tecla &#8220;Tab&#8221; i per recular, &#8220;May\u00fas.+Tab&#8221;. La&#8230;<\/p>\n","protected":false},"author":1,"featured_media":0,"parent":0,"menu_order":0,"comment_status":"closed","ping_status":"closed","template":"","meta":{"footnotes":""},"class_list":["post-1038","page","type-page","status-publish","hentry"],"_links":{"self":[{"href":"https:\/\/www.motorclubsabadell.com\/index.php\/wp-json\/wp\/v2\/pages\/1038","targetHints":{"allow":["GET"]}}],"collection":[{"href":"https:\/\/www.motorclubsabadell.com\/index.php\/wp-json\/wp\/v2\/pages"}],"about":[{"href":"https:\/\/www.motorclubsabadell.com\/index.php\/wp-json\/wp\/v2\/types\/page"}],"author":[{"embeddable":true,"href":"https:\/\/www.motorclubsabadell.com\/index.php\/wp-json\/wp\/v2\/users\/1"}],"replies":[{"embeddable":true,"href":"https:\/\/www.motorclubsabadell.com\/index.php\/wp-json\/wp\/v2\/comments?post=1038"}],"version-history":[{"count":8,"href":"https:\/\/www.motorclubsabadell.com\/index.php\/wp-json\/wp\/v2\/pages\/1038\/revisions"}],"predecessor-version":[{"id":1061,"href":"https:\/\/www.motorclubsabadell.com\/index.php\/wp-json\/wp\/v2\/pages\/1038\/revisions\/1061"}],"wp:attachment":[{"href":"https:\/\/www.motorclubsabadell.com\/index.php\/wp-json\/wp\/v2\/media?parent=1038"}],"curies":[{"name":"wp","href":"https:\/\/api.w.org\/{rel}","templated":true}]}}