{"id":5026,"date":"2023-04-18T12:53:15","date_gmt":"2023-04-18T10:53:15","guid":{"rendered":"http:\/\/www.motorclubsabadell.com\/?post_type=product&#038;p=5026"},"modified":"2023-04-18T12:54:31","modified_gmt":"2023-04-18T10:54:31","slug":"tassa-de-cafe-amb-llet-amb-placa-24e-ralli-llana","status":"publish","type":"product","link":"http:\/\/www.motorclubsabadell.com\/index.php\/producte\/tassa-de-cafe-amb-llet-amb-placa-24e-ralli-llana\/","title":{"rendered":"Tassa de caf\u00e8 amb llet amb placa 24\u00e8 Ral\u00b7li Llana"},"content":{"rendered":"<p style=\"text-align: justify;\" align=\"LEFT\"><strong>Descripci\u00f3<\/strong>: Tassa grossa de mida &#8220;caf\u00e8 amb llet&#8221;.<\/p>\n<p align=\"LEFT\"><strong>Estampat:<\/strong> Placa del 24\u00e8 Ral\u00b7li de la Llana Ripoll\u00e8s &#8211; Trofeu Autosi &#8211; 2023.<\/p>\n","protected":false},"excerpt":{"rendered":"<p>Descripci\u00f3: Tassa grossa de mida &#8220;caf\u00e8 amb llet&#8221;. Estampat: Placa del 24\u00e8 Ral\u00b7li de la Llana Ripoll\u00e8s &#8211; Trofeu Autosi &#8211; 2023.<\/p>\n","protected":false},"featured_media":4956,"template":"","meta":[],"product_brand":[],"product_cat":[125],"product_tag":[],"class_list":{"0":"post-5026","1":"product","2":"type-product","3":"status-publish","4":"has-post-thumbnail","6":"product_cat-altres","8":"first","9":"instock","10":"shipping-taxable","11":"purchasable","12":"product-type-simple"},"_links":{"self":[{"href":"http:\/\/www.motorclubsabadell.com\/index.php\/wp-json\/wp\/v2\/product\/5026","targetHints":{"allow":["GET"]}}],"collection":[{"href":"http:\/\/www.motorclubsabadell.com\/index.php\/wp-json\/wp\/v2\/product"}],"about":[{"href":"http:\/\/www.motorclubsabadell.com\/index.php\/wp-json\/wp\/v2\/types\/product"}],"wp:featuredmedia":[{"embeddable":true,"href":"http:\/\/www.motorclubsabadell.com\/index.php\/wp-json\/wp\/v2\/media\/4956"}],"wp:attachment":[{"href":"http:\/\/www.motorclubsabadell.com\/index.php\/wp-json\/wp\/v2\/media?parent=5026"}],"wp:term":[{"taxonomy":"product_brand","embeddable":true,"href":"http:\/\/www.motorclubsabadell.com\/index.php\/wp-json\/wp\/v2\/product_brand?post=5026"},{"taxonomy":"product_cat","embeddable":true,"href":"http:\/\/www.motorclubsabadell.com\/index.php\/wp-json\/wp\/v2\/product_cat?post=5026"},{"taxonomy":"product_tag","embeddable":true,"href":"http:\/\/www.motorclubsabadell.com\/index.php\/wp-json\/wp\/v2\/product_tag?post=5026"}],"curies":[{"name":"wp","href":"https:\/\/api.w.org\/{rel}","templated":true}]}}